Give j(-107).
50
Let n(c) = 472*c + 33339. Calculate n(-70).
299
Let z(y) = -17*y**2 - 2455*y - 1058. Determine z(-144).
-50
Let k(p) = 127*p**2 + 2491*p + 1550. What is k(-19)?
68
Let j(y) = 5546*y + 343782. What is j(-62)?
-70
Let g(z) = -58*z**2 + 4163*z - 3569. Determine g(71).
-374
Let o(h) = -h**2 - 4031*h - 343128. Determine o(-87).
0
Let q(k) = 1907399*k - 19073988. Determine q(10).
2
Let h(i) = 24*i**3 + 72*i**2 + 129*i + 127. Give h(-2).
-35
Let j(i) = 73342*i + 146783. What is j(-2)?
99
Let k(u) = 7*u**2 + 1645*u - 2407. What is k(-236)?
-755
Let n(h) = -h**3 - 93*h**2 - 1963*h + 569. Give n(-33).
8
Let o(r) = -90*r**2 + 25307*r - 4933. Calculate o(281).
-156
Let w(b) = b**3 + 37*b**2 - 814*b - 30229. Determine w(-37).
-111
Let d(a) = -14*a**2 - 213*a + 228. Determine d(1).
1
Let g(z) = -5390*z - 31174. What is g(-6)?
1166
Let z(k) = -17*k**3 + 4*k**2 + 106*k + 490. Determine z(-5).
2185
Let a(b) = 2*b**2 - 2419*b - 39015. What is a(-16)?
201
Let b(n) = n**3 + 744*n**2 - 9795*n + 34816. What is b(-757)?
-6
Let g(u) = -43*u**2 - 225*u - 1593. What is g(-7)?
-2125
Let g(f) = 12662*f + 63227. Determine g(-5).
-83
Let g(u) = -17*u**2 - 678*u + 823. Determine g(-41).
44
Let w(z) = -338*z**2 + 1595*z + 4774. Determine w(-3).
-3053
Let d(g) = 2049*g + 124986. Give d(-61).
-3
Let n(k) = -71*k**2 - 574*k + 4525. What is n(-13)?
-12
Let y(h) = -12*h**3 + 16*h**2 + 110*h - 15. Calculate y(-5).
1335
Let i(p) = 608*p + 2989. Determine i(-6).
-659
Let b(g) = -13441*g - 403193. Calculate b(-30).
37
Let n(i) = -i**3 - 45*i**2 + 803*i + 90. Give n(-60).
5910
Let m(b) = -7*b**2 + 481*b - 4315. Calculate m(58).
35
Let z(c) = -2*c**2 + 1001*c + 20286. What is z(520)?
6
Let u(g) = 20*g**2 - 1079*g - 1061. Give u(55).
94
Let w(f) = -5*f**2 - 3461*f + 142579. Give w(39).
-5
Let u(v) = -27589*v - 2069170. Determine u(-75).
5
Let k(j) = 2*j**2 + 109*j + 373. Give k(-36).
-959
Let o(j) = -42*j**2 - 2851*j + 382. Calculate o(-68).
42
Let t(d) = 8*d**2 + 7223*d - 110152. What is t(15)?
-7
Let g(r) = -2*r**2 + 3321*r - 53217. Calculate g(16).
-593
Let y(w) = 6*w**3 - 498*w**2 + 493*w + 122. Give y(82).
204
Let i(a) = a**3 - 5*a**2 - 12*a - 2621. Determine i(16).
3
Let l(a) = -3*a**2 + a - 149. Give l(-17).
-1033
Let g(m) = m**3 + 67*m**2 + 938*m + 11. Determine g(-47).
105
Let z(s) = 11291*s - 4132512. What is z(366)?
-6
Let b(a) = 481*a + 71447. Determine b(-149).
-222
Let s(b) = -4*b**3 - 776*b**2 - 769*b + 563. What is s(-193)?
-16
Let a(h) = 125*h + 11558. Determine a(-95).
-317
Let s(f) = -f**2 + 10377*f + 500365. Give s(-48).
-35
Let a(g) = 3*g**2 + 443*g + 2367. Give a(-139).
-1247
Let k(v) = -375023*v + 8250502. Calculate k(22).
-4
Let c(d) = d**2 + 162*d - 1274. What is c(7)?
-91
Let x(p) = 2*p**3 - 19*p**2 - 28*p - 69. Determine x(9).
-402
Let v(h) = 3*h**2 + 8*h - 3864. What is v(-37)?
-53
Let y(d) = -d**3 + 39*d**2 + 641*d + 1811. Calculate y(52).
-9
Let l(w) = -15*w**3 - 80*w**2 + 120*w + 357. Calculate l(-6).
-3
Let y(q) = 2*q**3 + 913*q**2 + 2579*q + 140431. Calculate y(-454).
145
Let f(s) = -s**2 - 514586*s - 2058332. Calculate f(-4).
-4
Let k(v) = 1497*v + 48295. Give k(-31).
1888
Let h(l) = -113*l**2 + 30509*l + 275. Determine h(270).
5
Let p(j) = j**3 + 115*j**2 + 1854*j - 8. Calculate p(-18).
-1952
Let b(a) = -78*a**3 - 388*a**2 - 44*a - 278. What is b(-5)?
-8
Let n(i) = -218*i - 2608. What is n(-12)?
8
Let v(w) = 17731*w - 106306. Calculate v(6).
80
Let b(j) = 2487*j**2 + 803303*j + 669. What is b(-323)?
23
Let f(i) = -4*i**3 + 8*i**2 + 52*i - 179. Calculate f(5).
-219
Let m(i) = 2*i**3 - 43*i**2 - 7166*i + 150919. What is m(21)?
-8
Let v(s) = 266*s**3 - 1590*s**2 - 49*s + 95. Give v(6).
17
Let j(g) = 12*g**3 - 94*g**2 + 113*g - 368. Calculate j(7).
-67
Let w(g) = 37*g**2 - 842*g - 189. What is w(23)?
18
Let y(f) = f**2 - 1101*f + 80713. Determine y(79).
-25
Let o(p) = 76*p + 7025. Determine o(-124).
-2399
Let z(x) = -x**2 - 220*x - 8950. Determine z(-54).
14
Let w(i) = 2*i**3 - 119*i**2 + 265*i + 1112. What is w(57)?
-28
Let x(s) = 9*s**2 - 16177*s - 113253. Determine x(-7).
427
Let a(u) = 2*u**3 + 3*u**2 + 679*u - 1365. Determine a(2).
21
Let x(h) = -68148*h + 340885. Give x(5).
145
Let a(i) = -13*i**2 + 1601*i - 191. Calculate a(123).
55
Let w(g) = -g**2 - 188*g - 4399. What is w(-27)?
-52
Let j(z) = -3*z**2 - 1267*z - 76484. Give j(-73).
20
Let g(l) = -2*l**2 - 4536*l - 174027. Give g(-39).
-165
Let q(p) = 3*p**3 + 106*p**2 - 115*p + 643. What is q(-37)?
-1947
Let w(i) = -165*i + 15717. Give w(94).
207
Let s(a) = -2491*a**3 + 6*a**2 - 74*a + 67. Determine s(1).
-2492
Let c(x) = -5*x**2 + 56499*x + 1075294. Give c(-19).
8
Let p(j) = -j**3 - 757*j**2 - 133948*j + 563. Determine p(-282).
-1
Let r(y) = -6*y**2 - 90*y + 1952. What is r(-27)?
8
Let s(u) = -123*u**2 + 4698*u - 1178. What is s(38)?
-266
Let n(b) = 573*b + 1130. Determine n(-2).
-16
Let o(z) = 4787*z + 282409. Determine o(-59).
-24
Let i(n) = 4*n**3 - 350*n**2 + 562*n - 3935. Calculate i(86).
21
Let g(m) = 15*m**3 + 2400*m**2 + 8*m + 1308. Determine g(-160).
28
Let f(r) = 4*r**3 + 15*r**2 - 2990*r - 11926. Determine f(-4).
18
Let j(x) = -2*x**3 + 4*x**2 - 234*x + 3. What is j(0)?
3
Let q(d) = d**2 + 9438*d - 3873818. Calculate q(394).
-10
Let y(d) = -d**3 - 16*d**2 - 3360*d - 32951. Calculate y(-10).
49
Let v(k) = -290*k**3 - 18272*k**2 - 75*k + 3207. Calculate v(-63).
-6
Let o(a) = -707581*a + 1415167. What is o(2)?
5
Let h(s) = -5*s**2 - 811*s + 579. What is h(-161)?
1545
Let y(x) = 2*x**3 - 241*x**2 - 84*x - 302. Give y(121).
4175
Let q(k) = -104*k**3 - 9*k**2 + 72*k - 171. Determine q(3).
-2844
Let v(x) = -4*x**3 - 28*x**2 - 31*x - 458. Give v(-8).
46
Let g(m) = 140*m**2 - 1382*m - 1893. What is g(11)?
-155
Let c(o) = o**3 - 72*o**2 + 692*o - 54. Calculate c(10).
666
Let p(b) = -b**3 - 14*b**2 + 2218*b + 20347. Determine p(-9).
-20
Let o(a) = -2*a**2 + 191*a - 2871. What is o(15)?
-456
Let h(z) = 4*z**3 + 257*z**2 + 154*z + 5742. Give h(-64).
-18
Let x(j) = 5*j**2 + 133*j + 1937. Give x(-13).
1053
Let n(c) = 10444*c**2 + 62666*c + 11. Determine n(-6).
-1
Let m(y) = y**3 + 73*y**2 - 163*y + 156. Give m(-75).
1131
Let f(i) = -i**3 - 5*i**2 - 2219*i - 17701. Calculate f(-8).
243
Let m(d) = 848*d - 6616. Calculate m(8).
168
Let g(k) = -8882*k**2 + 53295*k - 18. Determine g(6).
0
Let q(t) = 99*t**2 + 45*t - 111. Give q(2).
375
Let t(o) = -o**2 + 2735*o - 57002. Calculate t(21).
-8
Let u(g) = -106*g**2 - 369*g + 4. Calculate u(-6).
-1598
Let u(f) = -88*f + 4359. Give u(55).
-481
Let u(i) = 505*i - 5956. Determine u(9).
-1411
Let t(f) = 16017*f + 16016997. What is t(-1000)?
-3
Let q(b) = 36*b**2 + 2267*b + 10414. Determine q(-58).
32
Let z(n) = -n**2 + 8328352*n + 33313426. Calculate z(-4).
2
Let o(x) = -x**2 - 79*x - 1939. Calculate o(-51).
-511
Let w(d) = 7723*d - 15407. Calculate w(2).
39
Let y(q) = 48*q + 4651. Calculate y(-115).
-869
Let k(o) = -8*o**3 - 97*o**2 + 10*o + 251. Give k(-12).
-13
Let l(f) = -f**3 + 15*f**2 + 53*f - 986. Calculate l(23).
-3999
Let a(d) = 494*d + 5393. Determine a(-12).
-535
Let o(j) = 10*j**3 - 8*j**2 - 40*j - 180. Calculate o(7).
2578
Let j(r) = -3*r**2 + 85*r - 5. Determine j(23).
363
Let y(g) = -10*g**2 + 420*g - 1111. Determine y(3).
59
Let x(h) = h**2 + 403*h + 7737. Calculate x(-20).
77
Let c(q) = 191*q**2 - 4226*q + 140. Give c(22).
-388
Let y(x) = 11*x**3 + 7*x**2 - 14*x - 237. Calculate y(-6).
-2277
Let p(s) = 24*s**2 - 1686*s + 518. Determine p(70).
98
Let v(m) = -258869*m - 5177386. Give v(-20).
-6
Let w(n) = 1388*n - 2813. Determine w(2).
-37
Let q(d) = d**3 - 214*d**2 + 9340*d - 1034. What is q(153)?
37
Let n(o) = -5*o**3 + 1177*o**2 + 699*o + 2071. What is n(236)?
-53
Let p(n) = 2*n**3 - 10*n**2 + 768*n + 4577. Calculate p(-6).
-823
Let n(g) = 8945*g - 110. Give n(0).
-110
Let p(k) = 3*k**2 - 64*k - 61951. Give p(-134).
493
Let k(x) = -830*x - 321200. What is k(-387)?
10
Let s(t) = -835*t + 81004. Calculate s(97).
9
Let p(b) = 18*b**2 - 114*b - 806. Give p(-7).
874
Let z(l) = l**2 - 6203*l + 12378. Determine z(2).
-24
Let k(p) = -23854*p - 357814. What is k(-15)?
-4
Let b(o) = -o**3 + 262*o**2 - 14768*o + 274. Determine b(82).
-382
Let l(m) = 215382*m - 861550. What is l(4)?
-22
Let x(c) = -c**2 - 558*c + 113134. What is x(-716)?